7*l + 6 = 29*l. Suppose 0 = -3*o - 4*o + 14. Suppose 196 = o*r + 3*j, 5*r - 9*r = l*j - 392. What is the remainder when r is divided by 25?
23
Let j = 3327 - 3219. What is the remainder when j is divided by 277/5 + (-12)/30?
53
Suppose -5*z - 171 = -4*h, 10*h = 12*h + 3*z - 69. Let o(u) = 9*u - 27. Calculate the remainder when o(20) is divided by h.
36
Let a(r) = -r**3 - 12*r**2 - 6*r - 2. Let g be a(-10). Let v = 162 + g. What is the remainder when 54 is divided by v?
14
Let v(d) = 53*d - 820. Calculate the remainder when 567 is divided by v(17).
0
Suppose 0 = -3*p - 65 - 241. Let w be (16 - 10) + (-126 - -1). Let z = p - w. Calculate the remainder when 101 is divided by z.
16
Calculate the remainder when -193*8*4/(-32) is divided by 32.
1
Let g(p) = 2*p + 13. Let b = -2448 + 2515. Calculate the remainder when b is divided by g(11).
32
Let d = -6143 + 6203. What is the remainder when 80 is divided by d?
20
What is the remainder when 1395 is divided by (154/55)/(7*2/210)?
9
Calculate the remainder when 1215 is divided by ((-3)/2)/(327/(-44472)).
195
Suppose 14*p = 9*p - 2*l + 2090, 10 = 2*l. Suppose 4*y - 4*w - 255 = 129, -4*w = 4*y - p. Calculate the remainder when y is divided by 30.
10
Suppose 3*c + 142 = 2*y, 7*y - 5*y - 4*c - 142 = 0. Let g(h) = -h**2 + 10*h + 15. Calculate the remainder when y is divided by g(9).
23
Suppose -593*v + 19250 = -43*v. Calculate the remainder when 5247 is divided by v.
32
Let d = 1830 + -1474. What is the remainder when d is divided by 40?
36
Suppose 12025*s - 12037*s + 18360 = 0. What is the remainder when s is divided by 68?
34
Let i = 787 - 1057. Let k = i - -302. Calculate the remainder when 187 is divided by k.
27
Suppose -123*a + 62*a = -62*a + 1. Calculate the remainder when 38 is divided by a.
0
Let l(i) = -15*i**3 - 15*i**2 - 33*i - 12. What is the remainder when l(-3) is divided by 84?
21
Suppose h - 11 = 4*c, -5*c - 6 = -h + 2. Let w = h + 39. Suppose 66 - 528 = -22*g. What is the remainder when w is divided by g?
20
Let o = -2470 - -2530. Calculate the remainder when 129 is divided by o.
9
Let m be 1/(4/18 - (-261)/(-1053)). Let j = 35 + m. Let i(c) = -c**2 - 7*c - 9. What is the remainder when 11 is divided by i(j)?
2
Let d = -6307 - -9069. What is the remainder when d is divided by 7?
4
Suppose 2*x = 4*k + 2, 18*k - 16*k + 6 = 2*x. Suppose 0 = 2*v - x*s - 267, 46 = v + s - 98. Calculate the remainder when v is divided by 39.
24
Suppose 0*j + j - 26 = 0. Let z(l) = 2*l**2 - 2*l - 96. What is the remainder when z(9) is divided by j?
22
Let r(j) = -5*j**2 + j + 8. Let v be r(0). Let y(d) = d**3 - 5*d**2 - 22*d + 5. What is the remainder when ((-177)/6 - -4)*-4 is divided by y(v)?
18
Let f(y) = -8*y**3 - 17*y**2 + 20*y + 184. What is the remainder when f(-7) is divided by 12?
11
Let l be 249/(-3) + (-12)/2. Let m = l + 116. What is the remainder when 133 is divided by m?
25
Let r = -15 + 23. What is the remainder when r/(-6) - (-23596)/102 is divided by 11?
10
Suppose 0 = 3*m + 2*w - 416, 592 = 4*m - 56*w + 54*w. What is the remainder when 532 is divided by m?
100
Let b = 1812 - 1505. What is the remainder when b is divided by 124?
59
Calculate the remainder when (-51 - -109)*(-3)/12*-2 is divided by 22.
7
Suppose -11*b + 68 - 2 = 0. Suppose -3*g + b = -15. Suppose 2*l + 2*z = g*z + 29, 0 = -3*l - 2*z + 91. What is the remainder when l is divided by 7?
6
Let h(m) = -m**3 + 2*m**2 + 46 + 13*m**2 + 5*m + 9*m. What is the remainder when h(16) is divided by 3?
2
Suppose -m - 2*m = -12. Suppose 2*g - 31 = 5*r, -m*g + 44 = -0*g - 4*r. Let b(d) = -2*d**2 - 46*d - 14. Calculate the remainder when b(-22) is divided by g.
6
Suppose -f + 13 = 3*p, 2*p - 22 = -3*p - 2*f. Calculate the remainder when (-3)/6 - 8/(-8) - 273/(-6) is divided by (10/p)/(1/10).
21
Let o(u) be the first derivative of 4*u**3/3 - 5*u**2 - 26*u - 102. What is the remainder when 71 is divided by o(-3)?
31
Let j(m) = -479*m**2 + 10*m + 11. Let a be j(-1). What is the remainder when 316 is divided by (-1)/(3/(-2))*(-38001)/a?
51
What is the remainder when 364 is divided by (27 + 34)*(-3 + 3 + 2)?
120
Let s(a) = a**3 - 21*a**2 + 24*a - 5. Suppose 0 = -78*x + 76*x + 40. What is the remainder when s(x) is divided by 38?
37
Let h = 47 - 41. Suppose -u = -4*u + 270. Calculate the remainder when u is divided by h/(-4)*(-286)/33.
12
Let s(q) = 72*q - 4633. What is the remainder when 70 is divided by s(65)?
23
Suppose -2*g = 5*h - 170, -145*h - 54 = -147*h + 2*g. Suppose 5*j - 39 = 46. Calculate the remainder when h is divided by j.
15
Suppose -392 + 4876 = 31*d + 28*d. Calculate the remainder when 274 is divided by d.
46
Let w = 9445 - 8692. Calculate the remainder when w is divided by 376.
1
Suppose -137*d + 123866 + 23272 = 0. Calculate the remainder when d is divided by 20.
14
Suppose -93*u + 46*u + 7000 = -40*u. What is the remainder when u is divided by 29?
14
Let b(f) = 8*f**2 + 5*f + 4. Let w be b(-2). Let z = 29 - w. Suppose -z*g + 11 = -274. Calculate the remainder when g is divided by 24.
23
Let m be 3/(-4 + 125/30). Calculate the remainder when m/(-27)*6/4*-28 is divided by (9/6)/((-3)/(-16)).
4
Suppose 0 = 29*p - 36860 + 9252. Calculate the remainder when p is divided by 69.
55
Suppose -87*p + 24 = -86*p. Let u = 61 - p. Suppose -3*a - 14 = -38. Calculate the remainder when u is divided by a.
5
Suppose 10 = 6*k - 2. Let u be ((-84)/15)/(k/20). Let c = 26 - u. What is the remainder when c is divided by 12?
10
Let x = 286 + -252. Suppose 443*w + x = 445*w. What is the remainder when 76 is divided by w?
8
What is the remainder when 1331 is divided by (-9 - (-2)/2)/((-78)/1599)?
19
Let u(m) = -m**2 + 5*m + 6. Let a be u(6). Suppose -1008 = -0*x - 12*x. Suppose -17*h + 13*h + x = a. Calculate the remainder when 145 is divided by h.
19
Suppose 94 - 146 = -4*u. Suppose -n + 22 = -2*t - u, t = 2. What is the remainder when 69 is divided by n?
30
Suppose -1126 - 1706 = -246*t + 120. Calculate the remainder when 114 is divided by t.
6
Suppose -3*j = -4*j + 4. Suppose 4*u + 25*s - 20*s = 554, 0 = j*u - 3*s - 570. Calculate the remainder when u is divided by 36.
33
Suppose 6*v + 11 = 35. What is the remainder when 292 is divided by v?
0
Let v(u) = -u**3 - 31*u**2 + 66*u - 414. What is the remainder when v(-34) is divided by 116?
114
Let k(r) = -2*r**2 + 49*r - 23. Let m be k(24). Calculate the remainder when 4 - 4 - -3 - (m + -83) is divided by 44.
41
Suppose 15392 = -1069*f + 1101*f. What is the remainder when 991 is divided by f?
29
Suppose 17*v + 3878 = 5*s + 19*v, -2*s = -4*v - 1532. Calculate the remainder when s is divided by 31.
30
Calculate the remainder when -6 + ((-80)/(-48))/((-15)/(-10386)) is divided by 287.
0
What is the remainder when 1652 is divided by 4/(-58) + (8 - 5499/(-261))?
28
Suppose -36 = -5*o + 2*o. Suppose -6*v - 11 = -41. Let a(c) = 10*c - 4. What is the remainder when a(v) is divided by o?
10
Suppose -29*f = -28*f - 184. Let i = f + -277. Let r = i - -96. What is the remainder when 6 is divided by r?
0
Let j = 153 - 146. Suppose 2*z - 5*c + j*c = 40, -74 = -3*z + 4*c. Let u(v) = -7*v + 9. Calculate the remainder when u(-8) is divided by z.
21
Suppose 4*r - 2*r - 2*k - 194 = 0, 4*k + 12 = 0. Calculate the remainder when ((-25)/(-50))/(1/r) is divided by 7.
5
Suppose -4*p + 10*p = -j + 136, 2*p = -5*j + 64. Suppose 4*d - 2*s = 3*d + 23, -s = 4*d - 128. What is the remainder when d is divided by p?
9
Let h = -4687 - -5117. Calculate the remainder when h is divided by 42.
10
Let n(h) = -h**2 - 33*h - 219. Calculate the remainder when 7633 is divided by n(-22).
20
Let n(y) = -y + 18. Let o(i) = -2*i + 17. Suppose 0 = 4*u - 20, 4 + 1 = k + 3*u. Calculate the remainder when o(k) is divided by n(5).
11
Suppose -53*w - 27 = -l - 48*w, -4*l - 7 = 3*w. What is the remainder when 172 is divided by l?
0
Suppose h + 0*r = 5*r + 28, r = 5*h - 20. Let u(d) = -d - 44187 + 4*d**2 + 44197 + 16*d**3 - 17*d**3. What is the remainder when u(h) is divided by 9?
7
Let z(m) = 2*m - 6*m**3 - 8*m**3 - 1 + 2*m + 5*m**3 + 2*m**3. What is the remainder when z(-4) is divided by 36?
35
Let c(v) = v**3 - 10*v**2 + 11*v - 17. Let j be c(9). Let z be (1 + -4 - j) + -3. Let r = z - -14. What is the remainder when 27 is divided by r?
6
Let r(a) = -a**